{"id":11954,"date":"2017-05-15T11:48:46","date_gmt":"2017-05-15T11:48:46","guid":{"rendered":"http:\/\/www.ornekdanismanlik.com\/2017\/?page_id=11954"},"modified":"2017-06-04T13:27:21","modified_gmt":"2017-06-04T13:27:21","slug":"periyodikkontrol","status":"publish","type":"page","link":"https:\/\/www.ornekdanismanlik.com\/2017\/periyodikkontrol\/","title":{"rendered":"Kald\u0131rma Ara\u00e7lar\u0131 Periyodik Test ve Kontrol\u00fc"},"content":{"rendered":"<div  class=\"fusion-fullwidth fullwidth-box hundred-percent-fullwidth\"  style='background-color: #ffffff;background-position: center center;background-repeat: no-repeat;padding-top:0px;padding-right:0px;padding-bottom:0px;padding-left:0px;'><div class=\"fusion-builder-row fusion-row \"><div  class=\"fusion-layout-column fusion_builder_column fusion_builder_column_1_1  fusion-one-full fusion-column-first fusion-column-last 1_1\"  style='margin-top:0px;margin-bottom:20px;'>\n\t\t\t\t\t<div class=\"fusion-column-wrapper\" style=\"background-position:left top;background-repeat:no-repeat;-webkit-background-size:cover;-moz-background-size:cover;-o-background-size:cover;background-size:cover;\"  data-bg-url=\"\">\n\t\t\t\t\t\t<p>Resmi Gazete Tarihi: 25.04.2013 Say\u0131s\u0131:28628<\/p>\n<h2>Kontrol Periyodu:<\/h2>\n<p>Kald\u0131rma makineleri ve ara\u00e7lar\u0131n\u0131n test ve kontrolleri, her \u00e7al\u0131\u015fmaya ba\u015flamadan \u00f6nce operat\u00f6rleri taraf\u0131ndan ve \u00e7elik halatlar, zincirler, kancalar, sapanlar, kasnaklar, frenler ve otomatik durdurucular, (Standartlarda s\u00fcre belirtilmemi\u015fse) YILDA B\u0130R yap\u0131lmal\u0131d\u0131r.<\/p>\n<h3>Yap\u0131lan Test ve Muayene Ad\u0131:<\/h3>\n<p>K\u00f6pr\u00fc Vin\u00e7 Periyodik Kontrol\u00fc,<br \/>\nTavan Vin\u00e7 Periyodik Kontrol\u00fc,<br \/>\nMonoray Vin\u00e7 Periyodik Kontrol\u00fc,<br \/>\nPergel Vin\u00e7 Periyodik Kontrol\u00fc,<br \/>\nKule Vin\u00e7 Periyodik Kontrol\u00fc,<br \/>\nMobil Vin\u00e7 Periyodik Kontrol\u00fc,<br \/>\nG\u0131rg\u0131r Vin\u00e7 Periyodik Kontrol\u00fc,<br \/>\nAra\u00e7 \u00dcst\u00fc Vin\u00e7 Periyodik Kontrol\u00fc,<br \/>\nCaraskal Periyodik Kontrol\u00fc,<br \/>\nY\u00fck Asans\u00f6r\u00fc Periyodik Kontrol\u00fc,<br \/>\nD\u0131\u015f Cephe Asans\u00f6r\u00fc Periyodik Kontrol\u00fc,<br \/>\nForklift Periyodik kontrol\u00fc,<br \/>\nLift Periyodik Kontrol\u00fc,<br \/>\nTranspalet Periyodik kontrol\u00fc,<br \/>\nHalat &amp; Sapan Kontrolleri,<br \/>\nPlatform Periyodik Kontrol\u00fc,<br \/>\nY\u00fcr\u00fcyen Merdiven ve Y\u00fcr\u00fcyen Bant Periyodik Kontrol\u00fc,<br \/>\nTezg\u00e2hlar\u0131n Periyodik Kontrol\u00fc.<\/p>\n<h2>PER\u0130YOD\u0130K KONTROLLER\u0130 K\u0130MLER YAPAB\u0130L\u0130R?<\/h2>\n<p>\u0130\u015f Ekipmanlar\u0131n\u0131n Kullan\u0131m\u0131nda Sa\u011fl\u0131k ve G\u00fcvenlik \u015eartlar\u0131 Y\u00f6netmeli\u011fi\u2019ne g\u00f6re bas\u0131n\u00e7l\u0131 kaplar\u0131, kald\u0131rma iletme ekipmanlar\u0131n\u0131, yang\u0131n ve havaland\u0131rma tesisatlar\u0131n\u0131 makine m\u00fchendisleri ve makine teknikerleri, elektrik tesisat kontrollerini, paratoner ve topraklama testlerini Elektrik ya da Elektrik \u2013 Elektronik m\u00fchendis ve teknikerleri periyodik muayeneyi yapmaya yetkili ki\u015filerdir.<\/p>\n<p>Bas\u0131n\u00e7l\u0131 kaplar\u0131n ve mekanik tesisatlar\u0131n periyodik muayeneleri, tahribats\u0131z muayene y\u00f6ntemleri ile yap\u0131lmas\u0131 gerekti\u011fi durumlarda muayene personelinin TS EN ISO 9712 standard\u0131na g\u00f6re e\u011fitim alm\u0131\u015f m\u00fchendisler ve ayn\u0131 e\u011fitimi alm\u0131\u015f teknikerler taraf\u0131ndan yap\u0131labilir.<\/p>\n<p>Muayene yapacak ki\u015fi ya da kurulu\u015flara akreditasyon, yetkilendirme ve e\u011fitim zorunlulu\u011fu getirmeye \u00c7al\u0131\u015fma ve Sosyal G\u00fcvenlik Bakanl\u0131\u011f\u0131 yetkilidir.<\/p>\n<p>Bir\u00e7ok i\u015fletme, \u015fu an y\u00f6netmelikte Akreditasyon \u015fart\u0131 aranmazken periyodik muayenelerini 17020 muayene kapsam\u0131na sahip A tipi muayene kurulu\u015flar\u0131ndan talep etmektedir. T\u00dcRKAK taraf\u0131ndan akredite edilen kurulu\u015flar, kalite y\u00f6netim sisteminin, muayene esnas\u0131nda kullan\u0131lan her t\u00fcrl\u00fc \u00f6l\u00e7me ve kontrol cihazlar\u0131n\u0131n ve e\u011fitimli personellerinin s\u00fcrekli denetlenmesi i\u015fletmeler taraf\u0131ndan g\u00fcven verici olma sebebi ile tercih edilmektedir<\/p>\n<div class=\"fusion-clearfix\"><\/div>\n\n\t\t\t\t\t<\/div>\n\t\t\t\t<\/div><\/div><\/div>\n","protected":false},"excerpt":{"rendered":"","protected":false},"author":1,"featured_media":11995,"parent":0,"menu_order":0,"comment_status":"closed","ping_status":"closed","template":"","meta":[],"_links":{"self":[{"href":"https:\/\/www.ornekdanismanlik.com\/2017\/wp-json\/wp\/v2\/pages\/11954"}],"collection":[{"href":"https:\/\/www.ornekdanismanlik.com\/2017\/wp-json\/wp\/v2\/pages"}],"about":[{"href":"https:\/\/www.ornekdanismanlik.com\/2017\/wp-json\/wp\/v2\/types\/page"}],"author":[{"embeddable":true,"href":"https:\/\/www.ornekdanismanlik.com\/2017\/wp-json\/wp\/v2\/users\/1"}],"replies":[{"embeddable":true,"href":"https:\/\/www.ornekdanismanlik.com\/2017\/wp-json\/wp\/v2\/comments?post=11954"}],"version-history":[{"count":0,"href":"https:\/\/www.ornekdanismanlik.com\/2017\/wp-json\/wp\/v2\/pages\/11954\/revisions"}],"wp:featuredmedia":[{"embeddable":true,"href":"https:\/\/www.ornekdanismanlik.com\/2017\/wp-json\/wp\/v2\/media\/11995"}],"wp:attachment":[{"href":"https:\/\/www.ornekdanismanlik.com\/2017\/wp-json\/wp\/v2\/media?parent=11954"}],"curies":[{"name":"wp","href":"https:\/\/api.w.org\/{rel}","templated":true}]}}