{"id":11934,"date":"2017-05-15T09:57:02","date_gmt":"2017-05-15T09:57:02","guid":{"rendered":"http:\/\/www.ornekdanismanlik.com\/2017\/?page_id=11934"},"modified":"2017-06-04T13:25:55","modified_gmt":"2017-06-04T13:25:55","slug":"cevre-danismanlik","status":"publish","type":"page","link":"https:\/\/www.ornekdanismanlik.com\/2017\/cevre-danismanlik\/","title":{"rendered":"\u00c7evre Dan\u0131\u015fmanl\u0131k"},"content":{"rendered":"<div  class=\"fusion-fullwidth fullwidth-box hundred-percent-fullwidth\"  style='background-color: #ffffff;background-position: center center;background-repeat: no-repeat;padding-top:0px;padding-right:0px;padding-bottom:0px;padding-left:0px;'><div class=\"fusion-builder-row fusion-row \"><div  class=\"fusion-layout-column fusion_builder_column fusion_builder_column_3_4  fusion-three-fourth fusion-column-first 3_4\"  style='margin-top:0px;margin-bottom:20px;width:74%; margin-right: 4%;'>\n\t\t\t\t\t<div class=\"fusion-column-wrapper\" style=\"background-position:left top;background-repeat:no-repeat;-webkit-background-size:cover;-moz-background-size:cover;-o-background-size:cover;background-size:cover;\"  data-bg-url=\"\">\n\t\t\t\t\t\t<div class=\"fusion-tabs fusion-tabs-1 classic nav-not-justified horizontal-tabs\"><style type=\"text\/css\">.fusion-tabs.fusion-tabs-1 .nav-tabs li a{border-top-color:#f1f2f2;background-color:#f1f2f2;}.fusion-tabs.fusion-tabs-1 .nav-tabs{background-color:#ffffff;}.fusion-tabs.fusion-tabs-1 .nav-tabs li.active a,.fusion-tabs.fusion-tabs-1 .nav-tabs li.active a:hover,.fusion-tabs.fusion-tabs-1 .nav-tabs li.active a:focus{border-right-color:#ffffff;}.fusion-tabs.fusion-tabs-1 .nav-tabs li.active a,.fusion-tabs.fusion-tabs-1 .nav-tabs li.active a:hover,.fusion-tabs.fusion-tabs-1 .nav-tabs li.active a:focus{background-color:#ffffff;}.fusion-tabs.fusion-tabs-1 .nav-tabs li a:hover{background-color:#ffffff;border-top-color:#ffffff;}.fusion-tabs.fusion-tabs-1 .tab-pane{background-color:#ffffff;}.fusion-tabs.fusion-tabs-1 .nav,.fusion-tabs.fusion-tabs-1 .nav-tabs,.fusion-tabs.fusion-tabs-1 .tab-content .tab-pane{border-color:#ebeaea;}<\/style><div class=\"nav\"><ul class=\"nav-tabs\"><li class=\"active\"><a class=\"tab-link\" data-toggle=\"tab\" id=\"fusion-tab-\u00c7evre\u0130zinvelisans\" href=\"#tab-345dc57fefa9d15ea81\"><h4 class=\"fusion-tab-heading\">\u00c7evre \u0130zin ve Lisans<\/h4><\/a><\/li><li><a class=\"tab-link\" data-toggle=\"tab\" id=\"fusion-tab-at\u0131ky\u00f6netimi\" href=\"#tab-163902080273ac94d79\"><h4 class=\"fusion-tab-heading\">At\u0131k Y\u00f6netimi <\/h4><\/a><\/li><\/ul><\/div><div class=\"tab-content\"><div class=\"nav fusion-mobile-tab-nav\"><ul class=\"nav-tabs\"><li class=\"active\"><a class=\"tab-link\" data-toggle=\"tab\" id=\"mobile-fusion-tab-\u00c7evre\u0130zinvelisans\" href=\"#tab-345dc57fefa9d15ea81\"><h4 class=\"fusion-tab-heading\">\u00c7evre \u0130zin ve Lisans<\/h4><\/a><\/li><\/ul><\/div><div class=\"tab-pane fade in active\" id=\"tab-345dc57fefa9d15ea81\">\n<h2><strong>\u00c7evre izni<\/strong><\/h2>\n<p>\u00c7evre \u0130zni: \u00c7evre Kanunu uyar\u0131nca al\u0131nmas\u0131 gereken; hava emisyonu, \u00e7evresel g\u00fcr\u00fclt\u00fc, at\u0131ksu de\u015farj\u0131 ve derin deniz de\u015farj\u0131 konular\u0131ndan en az birini i\u00e7eren izindir.<\/p>\n<h2><strong>\u00c7evre lisans\u0131<\/strong><\/h2>\n<p>\u00c7evre Lisans\u0131: Ek-3C\u2019de yer alan lisans konular\u0131 ile ilgili i\u015f ve i\u015flemlere ili\u015fkin teknik yeterliliktir.<\/p>\n<h3><strong>Ge\u00e7ici faaliyet belgesi<\/strong><\/h3>\n<p>\u0130\u015fletmelerin* faaliyette bulunabilmeleri i\u00e7in \u00e7evre izni ve lisans\u0131 \u00f6ncesi verilen belgedir.<br \/>\n*\u0130\u015fletme: Tesis ve faaliyetlerin b\u00fct\u00fcn\u00fcn\u00fc kapsamaktad\u0131r.<br \/>\n*\u0130\u015fletmeci: \u00c7evre izin ve lisans s\u00fcrecine tabi olan i\u015fletmeyi, i\u015fleten ve\/veya m\u00fclkiyet hakk\u0131na sahip, hukuki olarak sorumlu, ger\u00e7ek veya t\u00fczel ki\u015filerdir.<\/p>\n<h3><strong>\u00c7evre iznine veya \u00e7evre izin ve lisans\u0131na tabi i\u015fletmeler<\/strong><\/h3>\n<p>Bu Y\u00f6netmelik kapsam\u0131nda \u00e7evre iznine veya \u00e7evre izin ve lisans\u0131na tabi i\u015fletmeler, \u00e7evresel etkilerine g\u00f6re Ek-1 ve Ek-2 listelerinde s\u0131n\u0131fland\u0131r\u0131lm\u0131\u015ft\u0131r.<br \/>\nEk-1 ve Ek-2 listelerinde yer alan i\u015fletmeler, faaliyette bulunabilmeleri i\u00e7in, \u00f6ncelikle ge\u00e7ici faaliyet belgesi almak zorundad\u0131r.<br \/>\nGe\u00e7ici faaliyet belgesi alan i\u015fletmeler belge tarihinden itibaren 1 y\u0131l i\u00e7erisinde \u00e7evre izin veya \u00e7evre izin ve lisans belgesi almak zorundad\u0131r.<\/p>\n<h3><strong>\u00c7evre iznine veya \u00e7evre izin ve lisans\u0131na tabi olmayan i\u015fletmeler<\/strong><\/h3>\n<p>Y\u00f6netmeli\u011fin EK-1 ve EK-2 listelerinde yer ald\u0131\u011f\u0131 halde al\u0131c\u0131 ortama herhangi bir hava emisyonu ve at\u0131ksu de\u015farj\u0131 olmayan i\u015fletmeler yetkili mercie m\u00fcracaat etmek zorundad\u0131r. \u00c7evre izin muafiyetine ili\u015fkin de\u011ferlendirme yetkili merci taraf\u0131ndan yap\u0131l\u0131r.<br \/>\nKurulduklar\u0131 yerde bir y\u0131ldan az faaliyet g\u00f6sterecek ge\u00e7ici i\u015fletmeler, bulunduklar\u0131 \u0130lin \u00c7evre ve \u015eehircilik \u0130l M\u00fcd\u00fcrl\u00fc\u011f\u00fcne \u00e7al\u0131\u015fma s\u00fcreleri ile ilgili bildirimde bulunmalar\u0131 halinde, \u00e7evre izni kapsam\u0131 d\u0131\u015f\u0131nda de\u011ferlendirilir.<br \/>\nEK-1 ve EK-2 listelerinde yer almayan i\u015fletmeler ile kurulduklar\u0131 yerde bir y\u0131ldan az faaliyet g\u00f6sterecek i\u015fletmeler ilgili mevzuatta belirlenen esas, h\u00fck\u00fcm ve s\u0131n\u0131r de\u011ferlere uymak zorundad\u0131r.<\/p>\n<h3><strong>\u00c7evre iznini veya \u00e7evre izin ve lisans\u0131n\u0131 vermeye yetkili merciler<\/strong><\/h3>\n<p>Bu Y\u00f6netmelik uyar\u0131nca verilecek ge\u00e7ici faaliyet belgesi veya \u00e7evre izin veya \u00e7evre izin ve lisans\u0131;<br \/>\na) Ek-1 listesinde yer alan i\u015fletmeler i\u00e7in Bakanl\u0131k,<br \/>\nb) Ek-2 listesinde yer alan i\u015fletmeler i\u00e7in \u00c7evre ve \u015eehircilik \u0130l M\u00fcd\u00fcrl\u00fckleri,<br \/>\ntaraf\u0131ndan verilir.<br \/>\nBirden fazla tesisi olan i\u015fletmelerin \u00e7evre izni veya \u00e7evre izin ve lisans\u0131 i\u015flemleri, i\u015fletme ad\u0131na ve i\u015fletmede ayn\u0131 adreste yer alan t\u00fcm tesisler de\u011ferlendirilerek y\u00fcr\u00fct\u00fcl\u00fcr ve sonu\u00e7land\u0131r\u0131l\u0131r. Bir i\u015fletme i\u00e7inde Ek-1 ve Ek-2 listesine tabi faaliyet veya tesislerin birlikte bulunmas\u0131 halinde s\u00f6z konusu m\u00fcracaat Ek-1 kapsam\u0131nda de\u011ferlendirilir.<\/p>\n<h3><strong>\u0130zin ve Lisans S\u00fcreci<\/strong><\/h3>\n<span class=\"fusion-imageframe imageframe-none imageframe-1 hover-type-none\"><img loading=\"lazy\" src=\"http:\/\/www.ornekdanismanlik.com\/2017\/wp-content\/uploads\/2017\/05\/Untitled2-163x300.png\" width=\"163\" height=\"300\" alt=\"\" title=\"Untitled2\" class=\"img-responsive wp-image-11944\" srcset=\"https:\/\/www.ornekdanismanlik.com\/2017\/wp-content\/uploads\/2017\/05\/Untitled2-200x368.png 200w, https:\/\/www.ornekdanismanlik.com\/2017\/wp-content\/uploads\/2017\/05\/Untitled2.png 300w\" sizes=\"(max-width: 800px) 100vw, 1100px\" \/><\/span>\n<\/div><div class=\"nav fusion-mobile-tab-nav\"><ul class=\"nav-tabs\"><li><a class=\"tab-link\" data-toggle=\"tab\" id=\"mobile-fusion-tab-at\u0131ky\u00f6netimi\" href=\"#tab-163902080273ac94d79\"><h4 class=\"fusion-tab-heading\">At\u0131k Y\u00f6netimi <\/h4><\/a><\/li><\/ul><\/div><div class=\"tab-pane fade\" id=\"tab-163902080273ac94d79\">\n<p><strong>At\u0131k Y\u00f6netimi Nedir ?<\/strong><\/p>\n<p>At\u0131k:\u00a0\u00dcretim ve kullan\u0131m faaliyetleri sonucu ortaya \u00e7\u0131kan, insan ve \u00e7evre sa\u011fl\u0131\u011f\u0131na zarar verecek \u015fekilde do\u011frudan veya dolayl\u0131 bi\u00e7imde al\u0131c\u0131 ortama verilmesi sak\u0131ncal\u0131 olan her t\u00fcrl\u00fc maddedir.<\/p>\n<p>At\u0131k Y\u00f6netimi:\u00a0At\u0131\u011f\u0131n kayna\u011f\u0131nda azalt\u0131lmas\u0131, \u00f6zelli\u011fine g\u00f6re ayr\u0131lmas\u0131, toplanmas\u0131, ge\u00e7ici depolanmas\u0131, ara depolanmas\u0131, geri kazan\u0131lmas\u0131, ta\u015f\u0131nmas\u0131, bertaraf\u0131 ve bertaraf i\u015flemleri sonras\u0131 kontrol\u00fc ve benzeri i\u015flemleri i\u00e7eren bir y\u00f6netim bi\u00e7imidir.<\/p>\n<p>Entegre At\u0131k Y\u00f6netimi:\u00a0At\u0131k Y\u00f6netiminin entegre olarak t\u00fcm at\u0131klara beraber uygulanmas\u0131d\u0131r.<\/p>\n<p>At\u0131k Y\u00f6netim Piramidi:\u00a0At\u0131k Y\u00f6netim Piramidi \u00fcst basamaktan alt basamaklara do\u011fru de\u011ferlendirilir. Yani ilk a\u015fama at\u0131\u011f\u0131n olu\u015fmas\u0131n\u0131n \u00f6nlenmesi, e\u011fer bu sa\u011flanam\u0131yorsa at\u0131\u011f\u0131n minimizasyonu, di\u011fer bir deyi\u015fle at\u0131\u011f\u0131n en aza indirilmesi ama\u00e7lan\u0131r. Daha sonra at\u0131\u011f\u0131n Yeniden kullan\u0131m\u0131 e\u011fer bu da m\u00fcmk\u00fcn olmuyorsa \u00f6nce geri d\u00f6n\u00fc\u015f\u00fcm ve sonra enerji geri kazan\u0131m\u0131 ama\u00e7lan\u0131r. Bu uygulanan y\u00f6ntemlerden sonra elimizde kalan at\u0131\u011fa yada bu y\u00f6ntemleri uygulayamad\u0131\u011f\u0131m\u0131z at\u0131\u011fa yap\u0131lacak en son i\u015flem bertaraft\u0131r (d\u00fczenli depolama, yakma gibi).<\/p>\n<p>At\u0131k Y\u00f6netimi Nas\u0131l Yap\u0131lmal\u0131d\u0131r<\/p>\n<p>Uygulanabilir ve verimli bir At\u0131k Y\u00f6netimi i\u00e7in a\u015fa\u011f\u0131daki ad\u0131mlar\u0131n uygulanmas\u0131 gerekir;<\/p>\n<p>1- Yetkili\/Sorumlu Belirlemek :\u00a0At\u0131\u011fa ait i\u015flemlerin tek elden ve sorunsuzca y\u00fcr\u00fct\u00fclebilmesi i\u00e7in ilk ad\u0131m olarak bu konuda bir sorumlu belirlenmeli ve bu ki\u015fi taraf\u0131ndan yeterli say\u0131da personelden olu\u015fan bir \u00c7evre Birimi olu\u015fturulmal\u0131d\u0131r. Sorumlu taraf\u0131ndan at\u0131k toplamakla g\u00f6revli personeller, at\u0131k ge\u00e7ici depolama alan\u0131 sorumlusu gibi di\u011fer g\u00f6rev payla\u015f\u0131mlar\u0131 da yap\u0131lmal\u0131d\u0131r.<\/p>\n<p>2- At\u0131\u011f\u0131n Tan\u0131mlanmas\u0131:\u00a0Tesiste ortaya \u00e7\u0131kan t\u00fcm at\u0131klar ilk \u00f6nce tan\u0131mlanmal\u0131 ve kaynaklar\u0131 belirlenmelidir. \u0130lk olarak belediye taraf\u0131ndan al\u0131nan evsel nitelikli kat\u0131 at\u0131klar, ambalaj at\u0131klar\u0131 ve end\u00fcstriyel nitelikli at\u0131klar (tehlikeli at\u0131klar, at\u0131k ya\u011flar, kontamine (herhangi bir tehlikeli at\u0131k\/at\u0131k ya\u011f bula\u015fm\u0131\u015f) ambalaj at\u0131klar\u0131 belirlenmelidir. Bunlar\u0131n olu\u015fum s\u0131kl\u0131\u011f\u0131 ve miktarlar\u0131 tespit edilmelidir. Bu at\u0131klar\u0131n hangi mevzuata tabi oldu\u011fu, nas\u0131l toplanmas\u0131, ta\u015f\u0131nmas\u0131, ge\u00e7ici depolanmas\u0131 gerekti\u011fi, maksimum depolama s\u00fcresi gibi hususlar belirlenmelidir.<\/p>\n<ol start=\"3\">\n<li>At\u0131\u011f\u0131 Kayna\u011f\u0131nda Ayr\u0131 Toplama:T\u00fcm at\u0131klar\u0131n kayna\u011f\u0131nda ayr\u0131 toplanmas\u0131 i\u00e7in bu at\u0131klar\u0131n olu\u015ftu\u011fu yerlere yeterli b\u00fcy\u00fckl\u00fckte ve say\u0131da at\u0131\u011f\u0131n t\u00fcr\u00fcne ve niteli\u011fine uygun konteyn\u0131rlar konmal\u0131d\u0131r (Tehlikeli at\u0131klar i\u00e7in kapal\u0131 konteyn\u0131rlar kullan\u0131lmal\u0131d\u0131r. Her bir konteyn\u0131rlar \u00fczerine, i\u00e7erisine at\u0131lacak at\u0131\u011f\u0131n t\u00fcr\u00fcn\u00fc belirten bilgi ve uyar\u0131 etiketleri yaz\u0131lmal\u0131d\u0131r. E\u011fer m\u00fcmk\u00fcnse farkl\u0131 at\u0131klar i\u00e7in farkl\u0131 renklerde konteyn\u0131rlar da kullan\u0131labilir. Bu \u015fekilde bir uyulama at\u0131klar\u0131n kayna\u011f\u0131na ayr\u0131 toplanmas\u0131ndaki ba\u015far\u0131y\u0131 y\u00fckseltecektir.<\/li>\n<\/ol>\n<ol start=\"4\">\n<li>Personel \u00c7evre E\u011fitimi:Gerek at\u0131k y\u00f6netiminden sorumlu ekibe, gerekse t\u00fcm personele at\u0131k y\u00f6netimi konusunda e\u011fitim\/bilgi verilmeli, herkesin \u00fczerine d\u00fc\u015fen vazifeler bildirilmeli ve at\u0131klar\u0131n ayr\u0131 toplanmas\u0131 konusunda herkesin hassasiyet g\u00f6stermesi hususlar\u0131 hat\u0131rlat\u0131lmal\u0131d\u0131r.<\/li>\n<\/ol>\n<ol start=\"5\">\n<li>Ge\u00e7ici At\u0131k Depolama Sahas\u0131 Kurulmas\u0131:Kayna\u011f\u0131nda farkl\u0131 konteyn\u0131rlarla ayr\u0131 olarak toplanan at\u0131klar\u0131n tesis i\u00e7erisinde g\u00fcvenli ve mevzuata uygun \u015fekilde ge\u00e7i depolanmas\u0131 i\u00e7in bir \u201cGe\u00e7ici at\u0131k Depolama Alan\u0131\u201d kurulmal\u0131d\u0131r. Tehlikeli at\u0131klar, ambalaj at\u0131klar\u0131 ve evsel at\u0131klar i\u00e7in farkl\u0131 depolama sahalar\u0131 kurulabilir. Tehlikeli at\u0131klar\u0131n ge\u00e7ici depolanaca\u011f\u0131 alan; tesis sahas\u0131 i\u00e7erisinde, s\u0131zd\u0131rmaz beton zeminli, \u00fczeri kapal\u0131, d\u00f6k\u00fclme ve s\u0131z\u0131nt\u0131lara kar\u015f\u0131 \u00f6nlem al\u0131nm\u0131\u015f, farkl\u0131 at\u0131klar i\u00e7in farkl\u0131 b\u00f6l\u00fcmler olu\u015fturulmu\u015f ve farkl\u0131 at\u0131klar\u0131n bu b\u00f6l\u00fcmlerde ayr\u0131 olarak uygun \u015fekilde (gerekti\u011finde konteyn\u0131r i\u00e7erisinde) depolanaca\u011f\u0131 bir alan olmal\u0131d\u0131r. Bu alandaki b\u00f6l\u00fcmlerde depolanan at\u0131klar\u0131n isimleri yaz\u0131l\u0131r. B\u00f6l\u00fcmlere ve at\u0131k depolanmas\u0131 i\u00e7in e\u011fer konteyn\u0131r kullan\u0131l\u0131yorsa konteyn\u0131r \u00fczerine at\u0131\u011f\u0131n kodu, depolama tarihi gibi bilgiler yaz\u0131l\u0131r. Bu b\u00f6l\u00fcme yetkisiz ki\u015filerin giri\u015flerine kar\u015f\u0131 \u00f6nlem al\u0131n\u0131r. Ayr\u0131ca bu sahada yang\u0131na ve acil durumlara kar\u015f\u0131 tedbir al\u0131n\u0131r. Ayn\u0131 \u015fekilde ambalaj at\u0131klar\u0131 ve evsel at\u0131klar i\u00e7in kullan\u0131lan alanda ya\u011fmur, r\u00fczgar gibi etkenlerle at\u0131klar\u0131n etrafa da\u011f\u0131lmas\u0131na kar\u015f\u0131 \u00f6nlem al\u0131n\u0131r.<\/li>\n<\/ol>\n<ol start=\"6\">\n<li>At\u0131k \u00d6n \u0130\u015flem:Ambalaj at\u0131klar\u0131, tehlikeli at\u0131k ile kontamine olmu\u015f ambalajlar (mesela boya tenekeleri) depolan\u0131rken ve ta\u015f\u0131nmas\u0131 esnas\u0131nda daha az yer kaplamas\u0131 i\u00e7in m\u00fcmk\u00fcnse s\u0131k\u0131\u015ft\u0131r\u0131lmal\u0131d\u0131r. Sulu at\u0131klar ise m\u00fcmk\u00fcn oldu\u011funca susuzla\u015ft\u0131r\u0131lmal\u0131d\u0131r. Bu \u00f6nlemler a\u011f\u0131rl\u0131k ve maliyet a\u00e7\u0131s\u0131ndan firmaya \u00f6nemli ekonomik avantaj sa\u011flamaktad\u0131r.<\/li>\n<\/ol>\n<ol start=\"7\">\n<li>At\u0131klar\u0131n Bertaraf\/Geri Kazan\u0131ma G\u00f6nderilmesi:Ge\u00e7ici depolama alan\u0131ndaki at\u0131klar\u0131n bertaraf\/geri kazan\u0131m\u0131 i\u00e7in ara\u015ft\u0131rma yap\u0131lmal\u0131 bu konuda lisansl\u0131 tesislerle g\u00f6r\u00fc\u015fme yap\u0131larak at\u0131\u011f\u0131 alacak yetkili tesis se\u00e7ilmelidir.<\/li>\n<\/ol>\n<ol start=\"8\">\n<li>Kay\u0131tlar\u0131n Tutulmas\u0131:Yap\u0131lan t\u00fcm i\u015flemlere ait kay\u0131tlar\u0131n d\u00fczenli olarak tutulmas\u0131 gerekir. Bu da at\u0131k beyan formlar\u0131n\u0131n d\u00fczenlenmesinde, At\u0131k Y\u00f6netim Planlar\u0131n\u0131n haz\u0131rlanmas\u0131nda ve olas\u0131 revizyonlarda kolayl\u0131k sa\u011flar.<\/li>\n<\/ol>\n<\/div><\/div><\/div><div class=\"fusion-clearfix\"><\/div>\n\n\t\t\t\t\t<\/div>\n\t\t\t\t<\/div><\/div><\/div>\n","protected":false},"excerpt":{"rendered":"","protected":false},"author":1,"featured_media":11995,"parent":0,"menu_order":0,"comment_status":"closed","ping_status":"closed","template":"","meta":[],"_links":{"self":[{"href":"https:\/\/www.ornekdanismanlik.com\/2017\/wp-json\/wp\/v2\/pages\/11934"}],"collection":[{"href":"https:\/\/www.ornekdanismanlik.com\/2017\/wp-json\/wp\/v2\/pages"}],"about":[{"href":"https:\/\/www.ornekdanismanlik.com\/2017\/wp-json\/wp\/v2\/types\/page"}],"author":[{"embeddable":true,"href":"https:\/\/www.ornekdanismanlik.com\/2017\/wp-json\/wp\/v2\/users\/1"}],"replies":[{"embeddable":true,"href":"https:\/\/www.ornekdanismanlik.com\/2017\/wp-json\/wp\/v2\/comments?post=11934"}],"version-history":[{"count":0,"href":"https:\/\/www.ornekdanismanlik.com\/2017\/wp-json\/wp\/v2\/pages\/11934\/revisions"}],"wp:featuredmedia":[{"embeddable":true,"href":"https:\/\/www.ornekdanismanlik.com\/2017\/wp-json\/wp\/v2\/media\/11995"}],"wp:attachment":[{"href":"https:\/\/www.ornekdanismanlik.com\/2017\/wp-json\/wp\/v2\/media?parent=11934"}],"curies":[{"name":"wp","href":"https:\/\/api.w.org\/{rel}","templated":true}]}}